greatest common divisor of 3674327008 and 6688.
6688
What is the highest common factor of 28 and 3443440?
28
What is the greatest common divisor of 24264 and 579176288?
2696
What is the greatest common divisor of 4628628 and 11628?
684
Calculate the greatest common factor of 87927 and 2116173.
237
Calculate the highest common factor of 2397 and 72571572.
2397
What is the greatest common factor of 2587170 and 320?
10
Calculate the greatest common divisor of 25437096 and 48.
24
Calculate the greatest common factor of 6399984 and 906.
906
Calculate the greatest common factor of 1247536 and 41200.
1648
Calculate the greatest common factor of 1989064 and 234080.
616
What is the highest common factor of 2946 and 8595446?
982
What is the greatest common factor of 1385836 and 225666?
398
What is the greatest common factor of 11 and 40361101?
11
Calculate the greatest common factor of 175658571 and 1026.
27
What is the highest common divisor of 48939 and 4741?
11
Calculate the highest common factor of 6264224 and 3040.
608
What is the highest common divisor of 29580 and 764556?
348
What is the highest common divisor of 31933 and 1041051?
11
What is the highest common factor of 614836 and 7206406?
1886
Calculate the greatest common factor of 164 and 40159828.
164
What is the highest common factor of 746602 and 6?
2
Calculate the highest common factor of 4471150 and 100.
50
Calculate the highest common divisor of 48 and 7148514.
6
Calculate the greatest common divisor of 6566858 and 10.
2
Calculate the highest common divisor of 2763628 and 24398.
2218
What is the greatest common divisor of 3211 and 6251648?
169
What is the highest common divisor of 14185911 and 111?
111
What is the greatest common divisor of 1834 and 108360973?
917
Calculate the greatest common factor of 48 and 100535784.
24
Calculate the greatest common factor of 2440 and 614258410.
610
What is the highest common divisor of 43904583 and 1611?
1611
Calculate the highest common factor of 491181 and 246381.
51
Calculate the greatest common divisor of 756567 and 25074.
63
What is the highest common factor of 140602 and 700?
14
Calculate the greatest common divisor of 801 and 636439.
89
Calculate the highest common divisor of 6667 and 2634138367.
6667
What is the highest common divisor of 30 and 140869320?
30
What is the highest common divisor of 16 and 497496360?
8
Calculate the greatest common factor of 4672 and 3599119.
73
What is the greatest common divisor of 2914008 and 552?
552
Calculate the greatest common divisor of 26042 and 602558.
898
What is the greatest common factor of 119244 and 84984?
12
Calculate the highest common factor of 115036 and 9948.
4
Calculate the highest common divisor of 9 and 2905839.
9
What is the highest common factor of 96983 and 24825?
331
What is the highest common factor of 33488 and 3254362?
46
Calculate the greatest common factor of 25875 and 458275.
575
What is the highest common factor of 1021145 and 10?
5
What is the highest common factor of 379045233 and 9?
9
What is the greatest common factor of 171229 and 376239?
83
What is the highest common divisor of 65528 and 7226?
2
What is the greatest common factor of 605 and 36785?
5
What is the greatest common factor of 4757066 and 16?
2
What is the highest common divisor of 4771 and 96021146?
4771
What is the highest common divisor of 324 and 5587456?
4
What is the greatest common factor of 49690 and 1262762032?
9938
What is the highest common divisor of 323 and 290833?
19
What is the highest common factor of 122620844 and 91564?
8324
Calculate the greatest common factor of 80102 and 4457246.
662
What is the highest common divisor of 52923978 and 2628?
1314
Calculate the highest common divisor of 39510 and 66995.
5
Calculate the highest common divisor of 50 and 1122925.
25
What is the greatest common divisor of 186684 and 276054?
1986
Calculate the greatest common divisor of 45497 and 1.
1
What is the highest common factor of 4088 and 155638?
14
What is the highest common divisor of 30444339 and 3?
3
Calculate the greatest common divisor of 149580 and 2307420.
540
What is the greatest common factor of 1897 and 2228162?
271
Calculate the greatest common divisor of 30610625 and 2010.
335
What is the highest common factor of 34650 and 105273?
63
Calculate the highest common divisor of 1410 and 151945266.
282
What is the highest common factor of 153222456 and 48?
24
What is the highest common factor of 46033304 and 25944?
8648
What is the greatest common divisor of 64295 and 17339?
7
Calculate the highest common factor of 26 and 224413696.
26
What is the highest common factor of 45445 and 117425?
305
Calculate the greatest common factor of 420376 and 706112.
1496
What is the highest common factor of 69300 and 7420?
140
What is the greatest common factor of 489600 and 457200?
3600
Calculate the highest common divisor of 4933638 and 3128.
782
Calculate the greatest common factor of 6669 and 16168620.
741
What is the highest common factor of 108 and 517203252?
108
Calculate the greatest common divisor of 38 and 679246466.
38
Calculate the highest common divisor of 1437590 and 3955.
35
What is the highest common factor of 2015355 and 101355?
435
What is the greatest common divisor of 5 and 148832?
1
What is the greatest common divisor of 7 and 1106344?
1
What is the highest common divisor of 341054089 and 743?
743
Calculate the greatest common divisor of 121 and 9221201.
11
What is the highest common factor of 8169475 and 75?
25
Calculate the greatest common divisor of 7930 and 66616270.
610
What is the highest common divisor of 705 and 6681567?
141
What is the greatest common divisor of 1998 and 8954037?
999
Calculate the highest common factor of 2166 and 5993626.
38
Calculate the highest common factor of 39565 and 1265115.
965
Calculate the highest common divisor of 92715 and 214569.
2649
Calculate the greatest common factor of 347042730 and 105.
15
Calculate the greatest common factor of 257145 and 36721965.
8295
Calculate the greatest common factor of 7299135 and 760.
95
What is the highest common divisor of 62093 and 4200291?
2003
Calculate the highest common divisor of 4302 and 3962.
2
Calculate the greatest common factor of 48814161 and 231.
33
Calculate the greatest common divisor of 5677350 and 10.
10
Calculate the greatest common divisor of 90201294 and 66573.
5121
Calculate the highest common divisor of 52155 and 8546466.
3477
Calculate the highest common divisor of 22247898 and 1596.
114
What is the greatest common factor of 1884388 and 19436?
452
What is the highest common factor of 204816 and 24684?
204
What is the greatest common divisor of 7629 and 5946?
3
What is the highest common divisor of 20939660 and 15?
5
What is the highest common divisor of 1164 and 17947716?
1164
What is the highest common factor of 570 and 1594290?
570
What is the highest common divisor of 445757 and 62527?
2017
What is the highest common divisor of 261 and 220892739?
87
Calculate the greatest common divisor of 192 and 437226.
6
What is the highest common factor of 249854 and 2222?
22
What is the greatest common factor of 251981 and 6290836?
8689
Calculate the highest common divisor of 729911 and 67431.
1183
Calculate the greatest common divisor of 525 and 3232740.
105
Calculate the greatest common factor of 53885541 and 2154.
1077
What is the greatest common divisor of 229773 and 218946?
1203
What is the greatest common factor of 207738146 and 2156?
1078
Calculate the highest common divisor of 93 and 131495211.
93
Calculate the highest common divisor of 270 and 1041190.
10
Calculate the greatest common factor of 2248 and 53671.
281
What is the greatest common divisor of 644 and 262493273?
161
Calculate the highest common factor of 1510773 and 153.
51
What is the highest common divisor of 202152 and 361464?
24
What is the highest common divisor of 14754723 and 41393?
3763
Calculate the greatest common divisor of 58247111 and 104.
13
What is the highest common divisor of 1281297 and 88147?
487
What is the greatest common divisor of 3952200 and 10920?
840
What is the highest common divisor of 1059104 and 58999?
1439
What is the greatest common factor of 17457 and 529000?
529
What is the greatest common divisor of 20